What is the highest common factor of 43015 and 5?
5
What is the greatest common divisor of 4992 and 8112?
624
What is the greatest common factor of 100 and 72975?
25
What is the highest common divisor of 7161 and 16896?
33
Calculate the highest common factor of 1045 and 33022.
209
What is the highest common factor of 24 and 15473496?
24
Calculate the highest common divisor of 186 and 52080.
186
Calculate the greatest common divisor of 106330 and 14.
14
Calculate the highest common divisor of 75 and 1035465.
15
Calculate the greatest common divisor of 18 and 3179.
1
What is the highest common factor of 13716 and 936?
36
What is the highest common divisor of 6667010 and 35?
35
What is the highest common factor of 512 and 129056?
32
Calculate the highest common divisor of 1872 and 36153.
117
Calculate the greatest common factor of 14 and 318129.
7
What is the greatest common divisor of 1638 and 187434?
234
Calculate the greatest common divisor of 2560 and 137728.
512
Calculate the highest common divisor of 4500 and 13644.
36
What is the greatest common divisor of 110 and 1946230?
110
Calculate the greatest common divisor of 18396 and 126.
126
What is the highest common factor of 292 and 2043854?
146
Calculate the greatest common factor of 103527 and 39.
3
Calculate the greatest common divisor of 42 and 8922.
6
Calculate the greatest common factor of 310198 and 28.
14
Calculate the greatest common divisor of 234122 and 98.
98
Calculate the greatest common factor of 1133 and 7313.
103
What is the greatest common divisor of 335368 and 1320?
88
What is the greatest common factor of 76902 and 294?
42
What is the highest common divisor of 17384 and 8200?
328
Calculate the greatest common divisor of 3 and 289011.
3
Calculate the greatest common factor of 10855 and 6955.
65
What is the highest common divisor of 121608 and 6696?
216
Calculate the highest common factor of 16796 and 223652.
884
What is the greatest common divisor of 25312 and 166901?
791
What is the highest common factor of 29952 and 2432?
128
Calculate the greatest common divisor of 5604 and 24.
12
What is the highest common factor of 26102 and 186?
62
Calculate the greatest common divisor of 512 and 6848.
64
What is the greatest common factor of 1726 and 206?
2
Calculate the highest common factor of 1547 and 2639.
91
What is the greatest common factor of 634375 and 725?
725
What is the greatest common divisor of 107726 and 976?
122
Calculate the greatest common divisor of 6965 and 420.
35
What is the greatest common factor of 103864 and 8?
8
Calculate the greatest common factor of 256 and 7862528.
256
Calculate the highest common divisor of 260072 and 3304.
472
Calculate the greatest common divisor of 69384 and 59.
59
What is the greatest common divisor of 942 and 5870073?
471
What is the highest common divisor of 462 and 145398?
66
Calculate the greatest common divisor of 2523 and 4089.
87
Calculate the greatest common factor of 2826 and 1344234.
942
Calculate the greatest common factor of 18104 and 1168.
584
Calculate the greatest common divisor of 106 and 192.
2
What is the highest common factor of 469312 and 192?
64
What is the highest common factor of 2210 and 23855?
65
Calculate the greatest common divisor of 43183 and 713.
31
What is the greatest common factor of 1250 and 11555?
5
What is the highest common factor of 7880518 and 83?
83
Calculate the greatest common divisor of 13490 and 80.
10
Calculate the highest common divisor of 6712 and 136.
8
What is the greatest common divisor of 10208 and 109856?
32
What is the greatest common factor of 16 and 53808?
16
Calculate the highest common factor of 75448 and 18.
2
What is the greatest common divisor of 2254 and 39422?
46
Calculate the highest common divisor of 196 and 1040074.
98
What is the greatest common divisor of 1413 and 1164783?
471
What is the greatest common divisor of 23465 and 130?
65
Calculate the greatest common factor of 10362 and 1639.
11
What is the highest common divisor of 2 and 283?
1
What is the greatest common divisor of 1421277 and 507?
39
Calculate the greatest common divisor of 142 and 599382.
142
Calculate the greatest common divisor of 2826 and 150.
6
Calculate the greatest common factor of 726401 and 2361.
787
What is the greatest common divisor of 336 and 2573361?
21
What is the highest common divisor of 2148 and 24?
12
Calculate the greatest common divisor of 777 and 539.
7
What is the highest common divisor of 534 and 59?
1
Calculate the highest common divisor of 6157 and 36811.
131
What is the greatest common divisor of 528 and 41646?
66
What is the greatest common divisor of 20 and 1623480?
20
Calculate the highest common divisor of 24 and 302856.
24
Calculate the greatest common factor of 7250 and 3950.
50
What is the highest common factor of 14 and 185402?
14
Calculate the highest common factor of 871 and 70283.
67
Calculate the highest common factor of 35867 and 124.
31
What is the greatest common factor of 23646 and 42?
42
What is the greatest common divisor of 152 and 893?
19
Calculate the highest common factor of 396 and 42804.
36
What is the greatest common divisor of 29811 and 285?
57
Calculate the greatest common divisor of 435 and 112085.
145
Calculate the greatest common divisor of 86899 and 1139.
67
What is the greatest common divisor of 37738 and 1?
1
What is the highest common factor of 210 and 78?
6
Calculate the highest common divisor of 9189 and 1071029.
1021
Calculate the greatest common factor of 2569 and 15781.
367
What is the greatest common factor of 5 and 143285?
5
What is the greatest common factor of 1998 and 61827?
111
Calculate the greatest common factor of 79 and 1982.
1
Calculate the greatest common factor of 1320 and 20427.
33
Calculate the highest common divisor of 5605 and 7505.
95
Calculate the highest common divisor of 8994 and 12522.
6
Calculate the highest common divisor of 55 and 160.
5
What is the highest common factor of 28576 and 1292?
76
What is the highest common factor of 519580 and 640?
20
Calculate the greatest common factor of 343 and 160181.
343
What is the highest common factor of 529721 and 401?
401
What is the greatest common divisor of 706683 and 2472?
309
Calculate the highest common factor of 40918 and 738.
82
What is the greatest common factor of 63182 and 28?
14
What is the greatest common divisor of 7708 and 20?
4
What is the greatest common factor of 17437 and 3657?
53
Calculate the highest common divisor of 235340 and 280.
140
Calculate the highest common factor of 44823 and 134.
67
What is the highest common factor of 130 and 550134?
26
Calculate the highest common factor of 1008 and 15750.
126
Calculate the highest common factor of 408 and 134385.
51
Calculate the greatest common factor of 590 and 100.
10
Calculate the highest common factor of 131 and 536183.
131
What is the greatest common divisor of 6 and 947664?
6
What is the greatest common divisor of 2337 and 31570?
41
Calculate the greatest common divisor of 585460 and 90.
10
Calculate the highest common divisor of 1015170 and 114.
114
What is the highest common factor of 124 and 3118972?
124
Calculate the highest common factor of 4961 and 3630.
121
Calculate the greatest common divisor of 4230 and 8742.
282
Calculate the greatest common factor of 499 and 508481.
499
Calculate the greatest common divisor of 3990 and 3715.
5
What is the highest common factor of 14 and 55265?
7
Calculate the highest common divisor of 2761915 and 130.
65
Calculate the highest common divisor of 10849 and 6.
1
What is the highest common factor of 4686 and 750612?
426
What is the highest common divisor of 988 and 35036?
76
What is the highest common divisor of 17576 and 568?
8
Calculate the highest common divisor of 61 and 3721183.
61
What is the highest common divisor of 8163 and 5967?
9
Calculate the greatest common divisor of 405 and 21880.
5
Calculate the highest common factor of 1738 and 89270.
158
Calculate the greatest common divisor of 68096 and 76.
76
What is the greatest common factor of 7189 and 17143?
553
What is the highest common divisor of 6069 and 9051?
21
What is the highest common factor of 13478 and 920?
46
Calculate the greatest common factor of 440 and 607200.
440
Calculate the grea